. Calculate the remainder when 28 is divided by i.
8
Let o(f) = -f. Let c be o(-2). Suppose -3*d + c = -2*d. Suppose 0 = 3*s - 4*m - 14, s - 2*s - 3*m = 4. What is the remainder when s is divided by d?
0
Let s be (-290)/8 + (-27)/36. Let a = 70 + s. Calculate the remainder when a is divided by 12.
9
Let r = -59 + 19. Let v = r + 66. Calculate the remainder when 45 + ((-342)/95 - -2)*10/(-4) is divided by v.
23
Suppose -3*t = 2*t + 2*h - 18, 5*h = 3*t + 14. Suppose -t*k - 364 = -15*k. Calculate the remainder when 138 is divided by k.
26
What is the remainder when (3444/(-615))/((-2)/15) is divided by 12?
6
Suppose 97 - 30 = k. Let b = 40 + -28. Calculate the remainder when k is divided by b - (2 + (-1 - 3)).
11
Let j = 40 + 10. Let h = j + -41. Suppose -3*x + 40 = w - 8, -100 = -5*x + 5*w. Calculate the remainder when x is divided by h.
8
Let j = 22 + -21. Suppose 12 = -5*k - 5*w + 117, w - j = 0. Calculate the remainder when 59 is divided by k.
19
Let r = -994 + 1094. Calculate the remainder when r is divided by 39.
22
Suppose -2*f + 100 = -3*n, -n = 2*f - 2*n - 100. Suppose t + f = 2*t. Let v = 106 - t. Calculate the remainder when v is divided by 19.
18
Let m(x) = -x + 4*x**2 - 3*x**2 - 3*x**2 - 2*x - x**3 - 5. What is the remainder when m(-4) is divided by 11?
6
Suppose 13*m - 17*m + 192 = 0. Suppose -5*f - 3*f + m = 0. Calculate the remainder when 11 is divided by f.
5
Let y(g) = -2*g + 36. Let s be y(16). Let k = s - -4. What is the remainder when 23 is divided by k?
7
Suppose -7234 = 24*m - 20074. What is the remainder when m is divided by 108?
103
Suppose 0 = -2*j - j + 12. Let w be 1/2*j + 48. Suppose 0*p = 2*p - 3*r - 5, -w = -5*p - 5*r. Calculate the remainder when p is divided by 2.
1
Suppose -5*a + 4*a + 5 = 0, 1741 = h + 4*a. What is the remainder when h is divided by 123?
122
Suppose -86*x = 195 - 22899. Calculate the remainder when x is divided by 76.
36
Let u(j) = -2*j - 26. Let z be u(-11). Calculate the remainder when 33 is divided by 9*z/16*-4.
6
What is the remainder when 101 is divided by 2 + (-916)/(-18) + 15/135?
48
Suppose 17239 + 14057 = 48*a. Calculate the remainder when a is divided by 82.
78
Let f(y) = 2*y**2 - 8*y - 7. Let z be 0 - 9*10/(-15). Let l = z - -2. Calculate the remainder when f(l) is divided by 15.
12
Calculate the remainder when (-3840)/(-36)*(-9)/(-6) is divided by 13.
4
Let s be (0 - 2)*86/(-4). Let o = s + -24. Calculate the remainder when o is divided by 14/(9 + -3 + -4).
5
Let q(t) = -2*t**2 - 8*t + 12. Let p be q(-5). Suppose 6*w = 2*w - 36. What is the remainder when w/(3/(-6)*p) is divided by 3?
0
Let m(h) = -h**3 - 8*h**2 - 11*h - 9. Let r(o) = -o**2 + 14*o - 7. Let d be r(14). What is the remainder when m(d) is divided by 6?
1
Suppose 1025 + 39 = 14*d. Calculate the remainder when d is divided by 57.
19
Suppose -2*b - r + 3*r = -58, 0 = -3*r - 6. What is the remainder when 169 is divided by b?
7
Let k = 31 - -9. Suppose -2*q = 4*c - k, 4*q = 5*c - c + 116. Suppose 0 = -2*b + 6*b - 60. Calculate the remainder when q is divided by b.
11
Let r = 28 + 1. Suppose 0 = k - 14 - 2. What is the remainder when r is divided by k?
13
Suppose 5*w = 5*u - 85, -5*w + 335 - 295 = 0. Let p = 3 + -5. Calculate the remainder when u is divided by (-14)/p - (-1 + -1).
7
Let t = -15 + 3. Let o be (-8)/t - 50/(-6). Let n(z) = -z**2 + 11*z - 10. What is the remainder when 31 is divided by n(o)?
7
Let j be 148/28 - ((-19)/7 - -3). Suppose 5*t + 19 = 3*i, 5*i - i - 2 = -j*t. What is the remainder when 9 is divided by i?
0
Suppose q + 240 = 4*q - 2*x, 4*q - 3*x = 321. Calculate the remainder when 24/(-6) + (q - 2) is divided by 37.
35
Let t = -79 - -367. What is the remainder when t is divided by 136?
16
Let c(q) = 5*q + 7. Suppose 3*n = -5*v + 37, 5*n = 5*v + 166 - 51. What is the remainder when c(6) is divided by n?
18
Let m(w) = 2*w**3 - 5*w**2 + 4*w - 3. Let r be m(3). Suppose -n + r = -6. Let p = 22 + -9. What is the remainder when n is divided by p?
11
Calculate the remainder when 887 is divided by -1 - (-8)/9 - (-2000)/18.
110
Suppose 24 = 10*b - 7*b. Calculate the remainder when 82 is divided by b.
2
Suppose 5*t = 25, 3*b + 98 - 645 = -2*t. What is the remainder when b is divided by 10?
9
Let z = -359 + 143. Let g = -361 - z. Let p = -95 - g. What is the remainder when p is divided by 17?
16
Suppose -3*v + 37 = k - 33, 3*k = 3*v - 90. Suppose 0 = -42*z + 279 + 15. Calculate the remainder when v is divided by z.
4
Suppose 0 = -3*j + 95 - 14. Calculate the remainder when j is divided by (-4176)/(-396) - 18/33.
7
Suppose 4*u - 5 - 7 = 0, 0 = -4*j - 5*u + 63. Suppose r - j = -r. Suppose -c - r = -4*y + 13, 5*c + 4*y = 25. Calculate the remainder when 2 is divided by c.
0
Let q = 67 + -65. Suppose -12 = -q*s - 6. Let a = 5 - -8. What is the remainder when a is divided by s?
1
Suppose -4 = -2*z, -5*t - 2*z + 8 + 21 = 0. Suppose -2*v - 3*v = -3*s - 45, -t*v = 3*s - 15. Calculate the remainder when 7 is divided by v.
1
Calculate the remainder when 149 is divided by (75/(-10) + 7)/((-5)/390).
32
What is the remainder when 75 + -5 - (3 - (-14)/(-2)) is divided by 11?
8
Let a(v) = -2*v**2 + 3*v - 4. Let r be a(0). Let x = -37 + 55. What is the remainder when x is divided by (-66)/r*14/21?
7
Suppose -4*g - 3*o + 867 = 0, -5*o - 401 = -8*g + 6*g. Let y(v) = -4*v**3 + 4*v**2 + 4*v + 3. What is the remainder when g is divided by y(-2)?
41
Suppose 30255 + 273664 = 77*n. What is the remainder when n is divided by 141?
140
Let u = 0 + 7. Let a(y) = -y**3 + 9*y**2 - 4*y + 17. What is the remainder when a(u) is divided by 22?
21
Let w = 2558 + -2543. Let p(u) = u - 2. Let l be p(-2). Let v(f) = -f. What is the remainder when w is divided by v(l)?
3
Let m be 406/10 - 8/(-20). Let u be 1/(11 - 15 - (-94)/24). Let a = m + u. What is the remainder when a is divided by 15?
14
Suppose -68 = -16*c + 188. Calculate the remainder when 28 is divided by c.
12
Let p be (-1)/(-4) + (-69)/(-12). Suppose -m + 4*q + q = 17, -2*q + 5 = -m. What is the remainder when m is divided by (p/(-15))/(2/(-10))?
1
Suppose -3*r + z = 58, 3*z - 7*z = -4*r - 80. Suppose -5*k - 11*h + 15*h = -21, -k + 6 = h. What is the remainder when (-2 - 0)/(2/r) is divided by k?
4
Suppose 6*y - p = 2*p + 357, -4*p + 4 = 0. Calculate the remainder when y is divided by 48.
12
Let k = -9 + 11. Suppose -4*v - k = -5*q, -2 = v - q - q. Suppose 2*c = c - 2*y + 5, -3*y = -3. Calculate the remainder when c is divided by v.
1
Let t = 6 - 22. Suppose 2*r - 24 = -2*a + a, 4*a - 78 = r. Calculate the remainder when a is divided by -3*(t/6 + -1).
9
Let g be (-2)/(-1) + (0 - -3). Let o(r) = 11*r**2 + 3*r + 4. Let w be o(g). Suppose -2*h + 5*h = w. Calculate the remainder when h is divided by 25.
23
Calculate the remainder when (-1)/((-12)/(-51)*(-10)/280) is divided by (-1 + 0)*192/(-6).
23
Let d = -180 + 181. Let h(q) = 15*q + 1. Let j(k) = -k + 1. Let x(n) = h(n) + j(n). Calculate the remainder when 28 is divided by x(d).
12
Let q(f) = -f**3 + f + 66. Calculate the remainder when q(0) is divided by ((-25)/3 + 8)/((4/69)/(-4)).
20
Suppose -2*z + 7 + 25 = 0. Suppose -20*v + 96 = -z*v. Calculate the remainder when 93 is divided by v.
21
Calculate the remainder when 15*(-2 - -5 - (-141)/15) is divided by 27.
24
Suppose 240 = -30*w + 810. What is the remainder when w is divided by 11?
8
Let p = 70 - 45. Let g(n) = n**3 + 7*n**2 + 5*n + 4. Let r be g(-6). Suppose -860 - 130 = -r*m. Calculate the remainder when m is divided by p.
24
Suppose 67*f = 5*f + 3410. What is the remainder when 877 is divided by f?
52
Let q = -48 - -91. Suppose q = -3*v + 136. Suppose -6*r = -95 - v. What is the remainder when 60 is divided by r?
18
Suppose -14 = -2*v + v. Suppose -4*w = v - 42. What is the remainder when 25 is divided by w?
4
Suppose 2*x = -26 - 58. Calculate the remainder when (-3 - -2)*(-1 + x) is divided by 11.
10
Let t be ((-33)/(-22))/(-2 + (-38)/(-16)). Suppose -5*c - t*a = -29, -2*c + 0*a = 2*a - 10. What is the remainder when c is divided by 2 - 1 - (-6)/2?
1
Let s = -100 + 554. Calculate the remainder when s is divided by 8.
6
What is the remainder when 85 is divided by 8/(2/14*2)?
1
Suppose -4*p + 9 = -3. Suppose p*z - 13 - 227 = 0. Suppose -i - 12 = -5*u, -u - 2*u = 5*i - z. Calculate